c?
-ba8a14
In base 4, what is -30213221323 + -310?
-30213222233
In base 14, what is d + 141589?
141598
In base 6, what is 2401445021 + -13?
2401445004
In base 13, what is 8588030c + -5?
85880307
In base 8, what is 676216 - 56?
676140
In base 16, what is -bb42 + -298?
-bdda
In base 9, what is 10653864 - 1?
10653863
In base 14, what is 4 + -470794?
-470790
In base 9, what is -70658665 + 2?
-70658663
In base 15, what is -5 - 20c8d5?
-20c8da
In base 9, what is 754 - 47313?
-46448
In base 13, what is -833c - 249?
-8588
In base 2, what is 0 + -11111101111111110110?
-11111101111111110110
In base 8, what is -746 + -445401?
-446347
In base 4, what is -12233 - 231132133?
-231211032
In base 9, what is 86 + -388331?
-388234
In base 14, what is -3924d + -5?
-39254
In base 14, what is -85ba4 - -23?
-85b81
In base 6, what is 1 - 14042324?
-14042323
In base 7, what is 1125153333 + 5?
1125153341
In base 4, what is -20 - 1203233111220?
-1203233111300
In base 15, what is -9893286 + 2?
-9893284
In base 6, what is 21 + 445202513?
445202534
In base 4, what is -13 - -213321211301?
213321211222
In base 15, what is -2 + -1a6e3b3?
-1a6e3b5
In base 8, what is -5265 - 13150?
-20435
In base 14, what is d822c - -77?
d82a5
In base 5, what is 21 - 30101111?
-30101040
In base 16, what is -8a1 + 3044?
27a3
In base 11, what is -46 - a30194?
-a3022a
In base 2, what is 100010011100100110110100 + -10?
100010011100100110110010
In base 7, what is -1021653502 - 4?
-1021653506
In base 14, what is -3 - -23d3c0db?
23d3c0d8
In base 11, what is -2533477 - 133?
-25335aa
In base 12, what is -4541 + 6710?
218b
In base 6, what is 44 - 5125115?
-5125031
In base 5, what is 112241 - -424002?
1041243
In base 8, what is -12174 - -51074?
36700
In base 6, what is -31 + -2510311322?
-2510311353
In base 14, what is -97 + 19449?
19392
In base 4, what is -31000112 + 122?
-30333330
In base 7, what is 13333 + -2434?
10566
In base 3, what is -21 - -1011122012110?
1011122012012
In base 9, what is 12376 - -854?
13341
In base 3, what is -11210022111 - -2101001?
-11200221110
In base 13, what is 3ab3 + 127?
3c0a
In base 16, what is 10616 - 128?
104ee
In base 15, what is -21 - -150d46?
150d25
In base 5, what is 0 - 444141024?
-444141024
In base 15, what is 2c7 - -1c33c?
1c614
In base 7, what is -2 - 11241365?
-11241400
In base 5, what is 1031212433403 + 1?
1031212433404
In base 13, what is 25 + 44406?
4442b
In base 7, what is 12241302 - -1554?
12243156
In base 13, what is -4ccc20 - 1?
-4ccc21
In base 5, what is -3303332140 + -14?
-3303332204
In base 7, what is 603231 + 10?
603241
In base 3, what is -1012102020220120 + 2?
-1012102020220111
In base 2, what is -1 + -1010101100000100111001100101?
-1010101100000100111001100110
In base 14, what is -178 + -1b1b50?
-1b1cc8
In base 10, what is -7671 + 24016?
16345
In base 11, what is 28322 + -15a?
28173
In base 9, what is -520 + -55570?
-56200
In base 14, what is 507a81c + 7?
507a825
In base 14, what is 38 - -116cb?
11725
In base 6, what is -112 + 31141?
31025
In base 15, what is -9 + cab5202?
cab51e8
In base 3, what is 120201102002 + 200?
120201102202
In base 4, what is -112 - -23001312321?
23001312203
In base 10, what is 127270 + 9?
127279
In base 2, what is 1011 + -111000101010000010010011?
-111000101010000010001000
In base 13, what is 3176a7 + 120?
3177c7
In base 10, what is -5 - 8868126?
-8868131
In base 4, what is -222212101 - -300?
-222211201
In base 8, what is 524 + -16032?
-15306
In base 14, what is 7 + -d58642?
-d58639
In base 14, what is -b + -423749?
-423756
In base 9, what is -258643556 - -4?
-258643552
In base 11, what is 9876086 + -4?
9876082
In base 2, what is 10000110001 + 101001010110?
111010000111
In base 12, what is -5674 + 19492?
13a1a
In base 11, what is 85 - 30579?
-304a4
In base 8, what is 54 - -417302?
417356
In base 5, what is 3 - -11120243333?
11120243341
In base 12, what is 729868 - -7?
729873
In base 11, what is 25998 - 142?
25856
In base 3, what is 1201002221000 + 220?
1201002221220
In base 3, what is -20002201021020022 + 12?
-20002201021020010
In base 14, what is -b692c - -1b?
-b6911
In base 2, what is 101110111110 + -101011000111100111?
-101010011000101001
In base 2, what is 110111110101111 + 100000011?
111000010110010
In base 9, what is -1 - 14102674?
-14102675
In base 15, what is 2839c + -420?
27e7c
In base 3, what is -102022110 + -20220101?
-200012211
In base 5, what is -2033033 + -1322?
-2034410
In base 16, what is a53 - 645f?
-5a0c
In base 14, what is -101 - -1d72cd?
1d71cc
In base 12, what is 721 + -380a?
-30a9
In base 16, what is -4999 + -11?
-49aa
In base 16, what is 0 + -90ec028?
-90ec028
In base 2, what is 1 - 1100110101111101100011101?
-1100110101111101100011100
In base 15, what is -10a - 10e5?
-1200
In base 16, what is 2a78 - c3?
29b5
In base 13, what is 1290ac77 + -5?
1290ac72
In base 8, what is 64204314 - 3?
64204311
In base 13, what is -3 + a642c2?
a642bc
In base 14, what is -17a - 1214b?
-122c7
In base 11, what is -4884 + 6316?
1542
In base 5, what is -220140442132 - 0?
-220140442132
In base 4, what is 120320301 - 20?
120320221
In base 4, what is 1333302330 - 13?
1333302311
In base 7, what is 1165 + -1261545?
-1260350
In base 13, what is 6c1067 + 0?
6c1067
In base 7, what is 16626552421 + 2?
16626552423
In base 7, what is 112 - 201441520?
-201441405
In base 13, what is 45841 + 4?
45845
In base 2, what is -1010100 - 10110001010011110111?
-10110001010101001011
In base 13, what is 4 - 10643994?
-10643990
In base 5, what is 2 - 233143420?
-233143413
In base 12, what is 1274 - -1106?
237a
In base 6, what is -311131 + 305?
-310422
In base 4, what is 11121122203111 + 2?
11121122203113
In base 10, what is 25 + 1214816?
1214841
In base 14, what is 55 - 112c694?
-112c63d
In base 3, what is -1020210021 - 21110021?
-1112020112
In base 5, what is -14122422 - -402?
-14122020
In base 14, what is 13 - 1621dad?
-1621d9a
In base 14, what is 123cc4 + -3?
123cc1
In base 7, what is -40560 - -2406?
-35151
In base 16, what is -56d - 1aed?
-205a
In base 14, what is bc0 - 5009?
-4229
In base 9, what is 7728 + -3587?
4131
In base 8, what is -2263 - -2015?
-246
In base 6, what is 41143 + -23041?
14102
In base 14, what is -1160506 + -c0?
-11605c6
In base 2, what is 1001011101010100001 + -1000011?
1001011101001011110
In base 14, what is -44d002 - 3?
-44d005
In base 7, what is -104046522 + 3?
-104046516
In base 10, what is 455486748 + -4?
455486744
In base 6, what is 1 - 1033541152?
-1033541151
In base 4, what is -2 + -11330100300120?
-11330100300122
In base 16, what is -5 + -5807bd3?
-5807bd8
In base 8, what is 42 - -7142562?
7142624
In base 10, what is 108 + 86801?
86909
In base 5, what is 4124 + -2422423?
-2413244
In base 12, what is -8569 + 45b4?
-3b75
In base 9, what is 30 + -7503557?
-7503527
In base 6, what is 11304422 - 40?
11304342
In base 13, what is 8 - 68c85?
-68c7a
In base 12, what is 0 - -84a128?
84a128
In base 16, what is 332c7e + 0?
332c7e
In base 14, what is -71a342 + 7?
-71a339
In base 6, what is -212014034 - -10?
-212014024
In base 14, what is 35c2c - -22d?
3605b
In base 13, what is -3 + 14c0c11b?
14c0c118
In base 4, what is 120021 - -221233211?
222013232
In base 2, what is -1111000011011101101010 + 11?
-1111000011011101100111
In base 5, what is 32204431 + 221?
32210202
In base 6, what is -330534 - 5052?
-340030
In base 4, what is -3002223033023 + -31?
-3002223033120
In base 5, what is -21200341341 + -4?
-21200341400
In base 4, what is -10223001 + 311321?
-3311020
In base 5, what is 110 + -114443403?
-114443243
In base 14, what is 70b0302 - 5?
70b02db
In base 15, what is -3 - 1d029a?
-1d029d
In base 13, what is -4a8 - a014b?
-a0626
In base 3, what is -101010122010122211 + 22?
-101010122010122112
In base 11, what is -85734 - 525?
-86159
In base 16, what is -1cfc53 - 5?
-1cfc58
In base 7, what is 1210446 + -20?
1210426
In base 10, what is 183907 + 21?
183928
In base 14, what is -181 + -9931?
-9ab2
In base 9, what is 668725 + 115?
668841
In base 12, what is -168 + 48694?
48528
In base 7, what is -144 + -366502?
-366646
In base 12, what is 122304 - -12?
122316
In base 4, what is -11 - 2202102020232?
-2202102020303
In base 4, what is -22111 - 221301?
-310012
In base 7, what is 2 + 6445611?
6445613
In base 13, what is -5 - 940781?
-940